?
False
Is 718369 prime?
False
Is 11535211 prime?
True
Is 15096079 a composite number?
False
Is 204600769 composite?
True
Is 11688203 composite?
False
Is 25239623 a composite number?
False
Is 130273543 a composite number?
False
Is 2251715 composite?
True
Is 87371707 composite?
True
Is 23514781 prime?
True
Is 1351787 prime?
False
Is 583361 prime?
False
Is 11636423 composite?
False
Is 3281953 composite?
True
Is 137528497 a prime number?
True
Is 178683257 a composite number?
True
Is 475752851 composite?
True
Is 18043607 a composite number?
True
Is 4214533 a prime number?
False
Is 705737 composite?
False
Is 1427821 a composite number?
False
Is 4572473 a composite number?
True
Is 669545179 a prime number?
True
Is 25119533 a prime number?
True
Is 36848017 a prime number?
True
Is 11353919 composite?
False
Is 230909 composite?
True
Is 85002893 a composite number?
True
Is 19853123 composite?
False
Is 109081421 composite?
True
Is 56407441 composite?
True
Is 6759761 prime?
False
Is 103022011 prime?
True
Is 336823 composite?
False
Is 74922217 prime?
True
Is 444922 a prime number?
False
Is 553015511 a prime number?
True
Is 1081937 a composite number?
False
Is 252651041 a composite number?
False
Is 2046431 prime?
True
Is 10859669 composite?
False
Is 7193309 prime?
True
Is 9633119 a prime number?
True
Is 128621149 a prime number?
True
Is 447743 a prime number?
True
Is 7199641 composite?
True
Is 2313263 composite?
True
Is 428380729 prime?
False
Is 137733979 a composite number?
True
Is 91013889 prime?
False
Is 226483 a prime number?
True
Is 424467931 composite?
True
Is 63173809 prime?
True
Is 483699 prime?
False
Is 15361817 composite?
False
Is 5079221 composite?
True
Is 5089769 composite?
False
Is 6128237 a composite number?
False
Is 12696727 prime?
False
Is 492953303 prime?
True
Is 13824703 composite?
True
Is 2543873 a prime number?
True
Is 11588947 prime?
False
Is 1013939339 composite?
True
Is 6529261 a prime number?
True
Is 16842082 composite?
True
Is 54965107 composite?
True
Is 931297 a composite number?
True
Is 108729937 prime?
False
Is 55716181 composite?
True
Is 4706407 a prime number?
True
Is 4457093 a prime number?
True
Is 217303399 composite?
True
Is 9559591 a composite number?
False
Is 2673355 composite?
True
Is 3789433 prime?
False
Is 19813453 composite?
True
Is 3620489 a composite number?
False
Is 115695337 a prime number?
False
Is 350611627 composite?
True
Is 421436893 a prime number?
True
Is 94548686 prime?
False
Is 5262143 a prime number?
True
Is 87890433 prime?
False
Is 537524353 a composite number?
False
Is 95762311 a prime number?
True
Is 466168349 a prime number?
False
Is 32770487 a prime number?
True
Is 7034201 a prime number?
False
Is 17135771 composite?
False
Is 5271851 composite?
True
Is 39916783 a prime number?
True
Is 4832987 a prime number?
True
Is 3750001 a prime number?
True
Is 1660783 composite?
False
Is 6607813 a composite number?
False
Is 95870081 a prime number?
True
Is 1974129 prime?
False
Is 2138951 a composite number?
True
Is 1261991 composite?
True
Is 74469194 a prime number?
False
Is 1320893797 a prime number?
True
Is 82835227 prime?
False
Is 4364947 prime?
True
Is 12317563 a composite number?
False
Is 28332887 prime?
False
Is 1115 prime?
False
Is 645624673 a composite number?
False
Is 2733329 a prime number?
True
Is 38889317 composite?
True
Is 46769231 prime?
False
Is 176542033 a prime number?
False
Is 14109141 composite?
True
Is 4602211 a prime number?
True
Is 2852873 a prime number?
True
Is 48020299 a composite number?
False
Is 13369981 a composite number?
False
Is 38599633 a composite number?
False
Is 51509279 composite?
False
Is 3888383 prime?
True
Is 15352559 prime?
False
Is 56224991 composite?
False
Is 2756542 a composite number?
True
Is 10364093 composite?
True
Is 1044971 a composite number?
False
Is 249313 composite?
True
Is 577277213 a composite number?
True
Is 21179287 a prime number?
True
Is 286592983 composite?
False
Is 37032991 a composite number?
False
Is 2902601 a prime number?
False
Is 19997621 prime?
False
Is 89949559 a composite number?
True
Is 1229227 prime?
True
Is 8703041 a composite number?
False
Is 78265151 a prime number?
False
Is 124847 prime?
True
Is 24173077 composite?
True
Is 5725279 a prime number?
False
Is 33781471 composite?
False
Is 31303259 prime?
False
Is 27639343 a prime number?
True
Is 125574805 prime?
False
Is 17400109 a prime number?
True
Is 615539 composite?
False
Is 1390147379 composite?
False
Is 3897899 a prime number?
True
Is 16433899 a prime number?
False
Is 11254421 prime?
False
Is 4748179 prime?
False
Is 3602519 prime?
False
Is 5664797 a prime number?
True
Is 27121 prime?
False
Is 210255323 prime?
False
Is 21867011 prime?
False
Is 198853909 prime?
False
Is 33568547 composite?
False
Is 19366337 composite?
True
Is 48048323 a prime number?
True
Is 4936889 composite?
True
Is 33596119 prime?
True
Is 855169 a prime number?
False
Is 39265 prime?
False
Is 24217541 composite?
True
Is 8004973 a composite number?
False
Is 14208721 a composite number?
False
Is 40710881 a composite number?
False
Is 306698899 a composite number?
True
Is 5904901 a composite number?
False
Is 34949983 a composite number?
False
Is 42400889 a composite number?
False
Is 45427021 prime?
False
Is 1735439 prime?
False
Is 48049207 a prime number?
True
Is 930467 a prime number?
True
Is 5143337 prime?
False
Is 67197563 a composite number?
False
Is 1617257 composite?
True
Is 124813753 a composite number?
False
Is 209096123 composite?
True
Is 2745761 prime?
True
Is 120042557 a prime number?
True
Is 11634053 a composite number?
False
Is 14160233 prime?
False
Is 5451821 composite?
True
Is 107560151 prime?
True
Is 45478813 a prime number?
True
Is 34757461 a composite number?
True
Is 22454539 prime?
False
Is 15305197 a prime number?
True
Is 331498 prime?
False
Is 889277 a prime number?
False
Is 1610887 prime?
True
Is 485684603 a prime number?
True
Is 10957049 a prime number?
True
Is 76045687 a prime number?
True
Is 23234479 a prime number?
False
Is 178371377 a composite number?
True
Is 52719271 a composite number?
True
Is 2949599 a prime number?
False
Is 195176311 a composite number?
True
Is 5215097 prime?
True
Is 163575469 composite?
False
Is 2072869 a prime number?
True
Is 1112777 a composite number?
False
Is 56733827 a prime number?
True
Is 207967 composite?
False
Is 10260683 a prime number?
True
Is 136977 prime?
False
Is 95544733 a prime number?
False
Is 26766377 composite?
True
Is 85060189 composite?
False
Is 301116967 a prime number?
True
Is 14175593 prime?
True
Is 146642953 composite?
False
Is 5780317 composite?
False
Is 6771493 a composite number?
False
Is 300508213 composite?
False
Is 27648451 a composite number?
True
Is 20987807 composite?
False
Is 94903049 prime?
True
Is 260590381 composite?
True
Is 6250831 a prime number?
True
Is 6678061 a prime number?
False
Is 1310917 prime?
False
Is 31919117 a prime number?
True
Is 4433657 composite?
False
Is 168239 prime?
False
Is 1520047 a composite number?
True
Is 22268767 a composite number?
False
Is 4897765 composite?
True
Is 153919547 prime?
False
Is 3298151 prime?
True
Is 7341437 prime?
False
Is 9229603 a composite number?
False
Is 124190741 prime?
True
Is 37725833 a prime number?
True
Is 105844111 prime?
True
Is 67434647 a composite number?
True
Is 80487899 a prime number?
True
Is 1526201851 composite?
False
Is 524497 a composite number?
False
Is 226597757 a prime number?
False
Is 4476291 a prime number?
False
Is 478277 a composite number?
True
Is 434909 a composite number?
False
Is 25432877 a composite number?
False
Is 2420309 prime?
True
Is 190559429 composite?
True
Is 45247159 a composite number?
True
Is 584949623 a composite number?
False
Is 1571513 a prime number?
True
Is 4582997 a composite number?
False
Is 3662363 prime?
True
Is 330719 prime?
True
Is 163579687 a composite number?
True
Is 4841519 prime?
True
Is 7644569 a composite number?
True
Is 39157751 prime?
False
Is 652667 composite?
False
Is 101839181 a composite number?
False
Is 4565819 composite?
True
Is 17420369 a composite number?
True
Is 222044449 composite?
True
Is 4372653 composite?
True
Is 1706381 prime?
True
Is 88453 a prime number?
False
Is 1445777 composite?
True
Is 56119361 a prime number?
T